et t(p) = 23*p - 59. Let v be t(3). Suppose -2*k = 2*a - v - 10, -4*k + 4 = 0. What is y(a)?
2
Let s(a) be the third derivative of -a**6/240 - a**5/12 + a**4/6 - a**3/3 + 2*a**2 - 74*a. Let z(y) be the second derivative of s(y). Determine z(-4).
2
Suppose -3*o - 5*n = -20 - 27, -4*n = -5*o + 29. Let r(y) = -2*y - 28. Calculate r(o).
-46
Let i = -1204 - -1207. Let r(y) = 14*y - 38. Calculate r(i).
4
Suppose 4*o - 16 = 0, 0 = -0*d - 2*d + 2*o - 12. Let u be 1*195/52 + d/(-8). Let b(t) = -t + 9. Determine b(u).
5
Let q(c) be the first derivative of c**5/60 + c**4/6 - c**3/6 + c**2 + 4*c - 156. Let u(b) be the second derivative of q(b). Give u(-5).
4
Suppose 17*z - 2880 = -415. Suppose -z = 20*f - 5. Let n(k) = -5*k - 10. Calculate n(f).
25
Suppose 15 = -8*w + 13*w. Let d(k) = 28 + 3*k + w*k + k**2 - 36. Let v = -17 + 11. Give d(v).
-8
Let g(l) = -1193*l**2 + 2317*l**2 - 1125*l**2 - 10*l + 33. Calculate g(-8).
49
Let m(q) = 112*q**2 - 2*q - 3 - 4 + q - 116*q**2. What is m(3)?
-46
Let k(h) = -h**3 + 9*h**2 - 6*h + 16. Let j = -16128 - -16137. Determine k(j).
-38
Let q(p) = -16*p - 3. Let b be (15 - 15) + (3 - -2). Suppose 2*y = -b*z - 31, -4*z = -0*y + y + 23. Give q(y).
45
Let j(d) = 2*d - 34. Suppose -84 = -18*c - 9*c + 429. Give j(c).
4
Let i(d) = 2*d**3 - 7*d**2 + 92*d - 331. Let s be i(4). Let l(u) = u**3 - 55*u**2 + 103*u + 180. Give l(s).
21
Let y(w) = -2*w**3 - 11*w**2 - 108*w - 21. Let v(t) = -3*t**3 - 17*t**2 - 151*t - 32. Let c(f) = 5*v(f) - 7*y(f). Determine c(-9).
59
Let k(z) = z**2 + 16*z + 30. Let w be k(-14). Let g be (-1*(3 - 2))/((-1)/w). Suppose 0 = -9*r + 10*r + p + 10, -15 = 5*r - g*p. Let u(j) = -j - 6. Give u(r).
-1
Let m(w) = 8*w**3 - w - 1. Let n(o) = 61*o. Let s be n(-3). Let v = -184 - s. Determine m(v).
-8
Let v(h) = -9*h**3 - 2*h**2 - 4*h + 5. Let d(r) = 11*r**3 + r**2 + 6*r - 5. Let s(g) = -4*d(g) - 5*v(g). What is s(-6)?
19
Let j(z) = -z**3 - 5*z**2 - z - 14. Suppose -60*p - 242 = 118. Calculate j(p).
28
Let a be 104/6 - (-1 + (-3)/(-9)). Suppose -3*y = 4*g - a, 2*y - 4*g + 0 + 8 = 0. Let q(l) = 8 - 2*l + 2*l**2 - 10 + l**y. Calculate q(2).
6
Let a(g) = -9 - 13*g + 163*g**3 + 2*g**2 - 327*g**3 + 165*g**3 + 3. What is a(-5)?
-16
Let o(u) = 7*u + 15. Suppose -8*c + 124 - 315 = -151. Calculate o(c).
-20
Let a = 737 + -733. Let j(f) be the third derivative of 1/3*f**a + 0*f + 0 + 1/120*f**6 - 14*f**2 + 0*f**3 - 3/20*f**5. Determine j(8).
0
Let j(t) = -83*t**2 + 2*t + 1. Suppose -4*a - 49 = 2*r - 19, -5*r = 2*a + 19. Give j(r).
-84
Let d = 9592 + -9589. Let h(o) = -o**2 + 3*o. What is h(d)?
0
Let u be 5/((12/(-156))/((-2)/26)). Let y(v) = v**3 - 6*v**2 + 6*v + 4. What is y(u)?
9
Let h(w) = w + 20. Let k(x) = -19 - 7 - x + 3 + 2. Let r(s) = 3*h(s) + 2*k(s). Suppose 7*t + 0*t = 0. What is r(t)?
18
Let g(a) = 3*a**2 + 34*a + 34. Let j(s) = 4*s**2 + 34*s + 37. Let p(v) = 6*g(v) - 5*j(v). What is p(17)?
19
Let r be 4 + (-3)/((-6)/16). Suppose r*b - 51 = 45. Let d(z) = 7 - 17*z - b + 0. Give d(1).
-18
Let t(l) = 10*l - 4. Let j(i) = i**2 + 24*i - 9. Let o(b) = -3*j(b) + 7*t(b). Let w be 16/(-7) - 2*2/(-14). What is o(w)?
-9
Let m(j) = -j**3 - 38*j**2 - 37*j + 20. Let w = 9187 - 9224. Give m(w).
20
Suppose 27 = -15*o + 192. Let p(q) = 7*q + 6 - 11*q - 8*q + o*q. Calculate p(6).
0
Let v(t) = t - 4. Let g = 123 + -357. Let d = g - -243. Determine v(d).
5
Let y(p) be the third derivative of p**5/60 - p**4/6 - 27*p**3/2 + 100*p**2. Let c(z) be the first derivative of y(z). What is c(7)?
10
Let h = -139 - -153. Let z be 10/h - (10 + 360/(-35)). Let g(y) = 3*y. What is g(z)?
3
Let p(r) be the first derivative of -r**4/4 - 4*r**3/3 + 11*r**2/2 - 5*r - 3740. Give p(-6).
1
Let v(c) = c + 1. Let w be -3 + 18/(-54) + 110/6. Suppose w*m + 8*m = 0. Determine v(m).
1
Let o(b) = -211*b**2 - 245*b + 237*b + 212*b**2 + 18. What is o(6)?
6
Let u(n) be the first derivative of -n**4/12 - 2*n**3/3 + n**2 - 203*n + 4. Let o(i) be the first derivative of u(i). Determine o(-5).
-3
Let t(l) = 76 - l**2 - 92 - 12*l + 31. Give t(-12).
15
Let c(l) be the second derivative of -l**5/5 + l**4/6 + l**3/6 - 3*l**2/2 + 588*l - 1. What is c(-1)?
2
Let q(h) be the first derivative of -h**5/120 - h**4/12 - 17*h**3 - h + 4. Let j(d) be the third derivative of q(d). Suppose 0*f - 25 = -5*f. Determine j(f).
-7
Suppose k = 3*o - 45, -2*k - 75 = -5*o + 2*k. Let w(t) = t - 42 + 17 + o. What is w(4)?
-6
Let y be ((-2)/(-6))/((-21)/(-189)). Suppose 0 = y*i - 3*l - 5 - 13, 0 = 5*i + 3*l + 10. Let a(u) = 7*u + 1. What is a(i)?
8
Let q(v) be the second derivative of v**3/6 - 4*v**2 - 10399*v. Give q(25).
17
Let v(h) = 16*h + 1. Let g(m) = 4*m + 83. Let b be -4 - 3/(-12)*(-71 + 3). Let l be g(b). Calculate v(l).
-15
Suppose 20 = -2595*d + 2593*d + 4*n, d + n = 8. Let z(b) be the third derivative of -1/12*b**4 + 28*b**d + 0*b + 0 - 1/6*b**3. Determine z(-3).
5
Let y(l) be the third derivative of -l**6/120 - l**5/5 + 7*l**4/6 + 5*l**3/6 - 2279*l**2. Calculate y(-14).
5
Suppose 7*o = -43 + 85. Let x(m) = o + 15 + 3*m - 26. Determine x(2).
1
Let m(f) = -59*f**3 - 56*f**3 + 19*f - 49 - 72*f**3 + 22*f**2 + 188*f**3. Calculate m(-21).
-7
Let z(h) = -5*h + 5. Suppose -396*y = -139*y - 885 - 1685. Give z(y).
-45
Let i(w) = 1 + 1422*w - 1407*w - 20 - 23 - 8. Calculate i(4).
10
Let v(s) = s**3 - 2*s**2 - 3*s - 4. Let c be (3/2)/((-18)/24). Let i be 33/9 + c + 4/3. Give v(i).
-4
Let l(j) = -9*j + 16. Let v(g) = 404*g - 4046. Let p be v(10). Determine l(p).
70
Let m(o) = 53*o + 367. Let l be 17 + (7 - 9) - 22. Determine m(l).
-4
Let a(r) = -2*r + 4. Let y = 0 - -7. Let t be a(y). Let p be (-1)/(18/t + 2). Let j(g) = -g**2 - 6*g - 4. Determine j(p).
1
Let s be 5 - (91/(-14))/13*2. Let n be (s/(-10))/((-53)/(-795)). Let y(g) be the second derivative of -g**5/20 - 2*g**4/3 + 5*g**3/3 + g. What is y(n)?
-9
Let u(c) = -5*c + 41. Let m be u(10). Let t = 14 + m. Let n(f) = -f**3 + 4*f**2 + 3*f + 4. Give n(t).
-6
Let c(z) = 5*z**2 - 52*z - 7. Let r(o) = -o**2 + 13*o. Let t(d) = -c(d) - 4*r(d). Give t(-5).
-18
Let r be 2750/(-2)*(12/(-10))/3. Let i = r - 273. Let u(h) = i - 6*h - 282 + 4*h + 3*h - h**3 - h**2. Determine u(0).
-5
Let v(y) = 4*y + 3. Let t(o) = -4*o - 4. Let h be (-328)/(-6) - (-2)/(-3). Let w be (-7)/3 + h/(-81). Let f(a) = w*v(a) - 2*t(a). Determine f(4).
-17
Suppose 5*y = 5*p + 2*y + 5, 36 = -4*p - 4*y. Let d(z) = -11413*z**2 - 1 - 61*z + 64*z + 11414*z**2 + 1. What is d(p)?
4
Let c(m) be the third derivative of m**8/3360 - m**6/240 - m**5/60 + 49*m**4/24 - 12*m**2. Let t(z) be the second derivative of c(z). Calculate t(-2).
-12
Let m(f) = 25*f + 14. Let s(j) = 45*j + 27. Let n(r) = -7*m(r) + 4*s(r). Determine n(-13).
-55
Let m be (3/36)/(1/68)*6. Suppose -9*n - m = -34. Let r(a) = -a**3 + a**2 - a + 22. What is r(n)?
22
Let f(r) = 3*r + 5. Let s(a) = 16*a + 126. Let o be s(-9). Give f(o).
-49
Let s(h) = -43*h - 25. Let b(i) = -1027*i - 598. Let y(o) = 6*b(o) - 143*s(o). Calculate y(-3).
26
Let l(t) be the first derivative of -t**3/3 - 9*t**2/2 - 15*t + 35. Calculate l(-9).
-15
Let r be (-4)/(-10) + (-35)/25 + 1. Let k(o) = -7*o + 5 + 3 + 5*o - 12 + r*o. Determine k(-4).
4
Let r(b) = 47910*b**2 - 4*b**3 - 2*b**3 + 5 - 1 + 5*b**3 + b - 47920*b**2. What is r(-10)?
-6
Suppose -p - 2*p = -5*t - 35, 5*t - 4*p = -40. Let m(n) = -47148*n + 11 - 2 + 47151*n. What is m(t)?
-3
Let n(o) be the second derivative of 1/60*o**5 + 4*o + 1/24*o**4 + 5*o**2 + 0 - 2/3*o**3. Let b(t) be the first derivative of n(t). Calculate b(0).
-4
Let o be 11*(-112)/77*(-3)/4. Let z(i) = -i**3 + 14*i**2 - 21*i - 37. Calculate z(o).
-1
Let h(l) = -l + 17. Let b(s) = -s**2 - 19*s - 5. Let z be b(-15). Suppose 0 = x + 2*x + j - z, x - 4*j = 14. What is h(x)?
-1
Let z be (-30)/26 - 2*(-2)/26. Let q(f) be the second derivative of -f**5/5 - f**4/12 - f**3/6 + 53*f - 3. What is q(z)?
4
Let g(h) = -h**2 + 18*h - 7. Let n(x) = -2*x**2 + 73*x - 29. Let p(s) = 9*g(s) - 2*n(s). Let t(u) = 9*u**2 - 30*u + 10. Let i(f) = -7*p(f) - 4*t(f). Give i(7).
2
Let x(n) be the third derivative of -n**5/30 - 23*n**4/24 - n**3/3 + 235*n**2. Let r be x(-11). Let f(d) = d**2 - 7*d - 20. Calculate f(r).
-2
Suppose -4*w - 2*z + 70 = 0, z + 90 = 5*w + 4*z. Let j(v) = 2*v**2 - w*v + 5*v + v**3 + 7*v - 3 + v. Give j(-3).
-6
Let w(c) = -c - 9